i). Determine t(1).
7
Let w(d) = -6 + 7 + 14*d + 14 + 6. Let b(h) = 28*h + 38. Let c(o) = 6*b(o) - 11*w(o). Give c(2).
25
Let m(l) be the second derivative of l**7/840 - l**6/90 + l**5/60 + l**4/24 + 7*l**3/6 - 7*l**2/2 + 43*l. Let p(g) be the second derivative of m(g). Give p(3).
-2
Let d(y) = 2*y**2 + 8*y + 6. Let f(h) = -3*h**2 - 7*h + 21. Let w be f(7). Let a = 170 + w. What is d(a)?
16
Suppose 4*n = -5*z - 13, 2*z = -3*n - 2*n - 29. Let l(m) = 4*m - 93. Let r(w) = -6*w + 122. Let f(y) = -4*l(y) - 3*r(y). Calculate f(n).
-8
Let q = -6313 - -6319. Let v(y) be the first derivative of y**2/2 + 2*y - 1. What is v(q)?
8
Let p(a) = -32*a**2 - 23*a - 2. Let b(v) = 19*v**2 + 12*v + 1. Let d(x) = 5*b(x) + 3*p(x). What is d(-10)?
-11
Let x = 431 + -411. Let m(h) = -2*h**2 + 2*h**3 - 21*h - 3 + x*h - 3*h**3. Determine m(-3).
9
Let h(n) = -n**2 + 3*n + 2*n + 0*n**2. Let x = 40168 - 40161. Determine h(x).
-14
Let m(l) = -l**3 + 38*l**2 + 39*l + 10. Let v be m(39). Let j(z) = v + z + z - 4*z + 0*z. Calculate j(5).
0
Let i(v) = v**2 + 7*v - 3. Let g(a) = a**3 + 8*a**2 + 4*a + 2. Let m be g(-7). Let l = -56 + 83. Let t = m - l. Calculate i(t).
-15
Let s(a) = -1373 - a**2 + 689 + 692 + a. Suppose 0 = 2*u - 3 - 3, -12 = -r - 2*u. Determine s(r).
-22
Let w(v) = v**2 - 5*v + 2. Let p(o) = -8*o + 1. Let b(c) = -1. Let k(s) = 6*b(s) + 2*p(s). Let f be k(-3). Let t = -41 + f. Determine w(t).
-4
Let q(p) = p**3 - 6*p**2 + 6. Let w = 2721 - 2715. Calculate q(w).
6
Suppose -2 = -2*y + 2. Suppose 3*b - 3 = y*b. Let m(i) be the first derivative of -i**4/4 + i**3/3 + i**2 + 178. Calculate m(b).
-12
Let d(x) = -x**3 - 22*x**2 + 14. Suppose -2*a + 74 = -4*v, 5*v - 16*a = -13*a - 89. Give d(v).
14
Suppose -24*f - 18 = -90. Let t(q) = 7*q**3 - 30*q**2 - 7*q + 54. Let c(o) = 4*o**3 - 15*o**2 - 4*o + 28. Let i(h) = f*t(h) - 5*c(h). Calculate i(15).
7
Let y be -1*((-6)/(-9))/((-2)/(-6)). Let w(l) = -l**3 - l + 1. Let q(f) = f**2 - 3 - f**3 - 2*f + 2 + 2*f**2 + 0. Let i(c) = y*w(c) + q(c). Calculate i(-3).
-3
Let m be -1 - (0 - (1 - 1)). Let q(j) = -2*j + 8. Let n(x) = -2*x + 7. Let a(f) = 3*n(f) - 2*q(f). Let r(b) = -b + 6. Let w(p) = -5*a(p) + 4*r(p). Give w(m).
-7
Let m(h) be the first derivative of 5*h**3 - h**2/2 + 2*h - 131. Suppose -3*c + 6 = -3*b, -5*b = 87*c - 89*c + 7. What is m(c)?
16
Let h be (-5)/5*(-3 - 0). Suppose 7 = 5*s - q, s + h*s + 4 = 4*q. Let i(v) = -7 - 9*v - 4 + v**3 + 8*v**s + 0 + 3. What is i(-9)?
-8
Let o(a) = a - 24. Let d be (7 - 2) + 4 + 2. Give o(d).
-13
Let a(d) = d**2 + 13*d - 11. Let p be a(-14). Let h(b) = -b**3 + 3*b**2 - 3*b + 5. Determine h(p).
-4
Let n(m) be the first derivative of -m**4 + 2*m**3 + 3*m**2 - 3*m + 3107. Determine n(2).
1
Let w(z) = -z**3 - 4*z**2 + 10*z + 8. Let k = 4312 + -4318. Give w(k).
20
Let p(y) be the second derivative of -y**5/40 + y**4/2 - 5*y**3/3 + 236*y. Let g(v) be the second derivative of p(v). What is g(6)?
-6
Let k(r) be the second derivative of -r**3/6 - 3*r**2/2 - r. Suppose -1951 = 78*s - 12*s + 83*s - 461. Calculate k(s).
7
Let i(z) be the first derivative of -z**4/4 - 5*z**3/3 - 4*z + 2. Let v be i(-5). Let s(x) = -926582*x**2 + 926580*x**2 + x - 5*x. Give s(v).
-16
Suppose -14*t = -l - 11*t - 19, 0 = 3*l + 4*t + 31. Let r(b) = -7*b - 2. Let f(z) = -3*z - 2. Let x(u) = -5*f(u) + 2*r(u). Give x(l).
-7
Let w(u) = -u**3 - 2*u**2 + 2*u - 2. Let h(v) = -6*v**2 + 21*v - 7. Let z(d) = -7*d**2 + 25*d - 8. Let k(i) = 3*h(i) - 2*z(i). Let q be k(3). Give w(q).
-6
Suppose 0 = -2*q - 2*i, -4*q + 6*i + 21 = 3*i. Let u(j) = j**q - 9*j**2 + 31 - 11*j - 57 + 41. What is u(10)?
5
Let b(f) be the third derivative of -f**4/6 - 17*f**3/3 + 125*f**2 + 3*f. Give b(-6).
-10
Let d(v) = -v**3 + 4*v**2 - 4. Let p be d(3). Suppose 43*n + 8 = 44*n. Let f(l) = 4*l - p*l**2 - 19*l**3 + 10*l**3 + n*l**3 + 2. Calculate f(-6).
14
Let n(i) be the third derivative of -i**5/15 - i**4/4 + i**3 + 53*i**2 - i. What is n(-6)?
-102
Let z(m) = 6 - 2*m + 18 + 6904*m**2 - 6903*m**2 + 8*m + 3*m. Determine z(-5).
4
Suppose -17 = 2*x - 0*w - 5*w, 5*x + 4*w - 40 = 0. Suppose -n + 2*t = -x*n - 5, 2*n = -2*t - 6. Let b(c) = 2 + c**2 + 2 - n - 2*c**2. Calculate b(3).
-6
Suppose 4*i - 74*n - 35 = -79*n, 5*n = 4*i - 5. Let r(g) be the first derivative of 3*g**2 - 6*g - 109. Give r(i).
24
Let r(c) = 69*c**3 - 211*c**3 + 72*c**3 + 69*c**3 + 5*c**2 - 90 + 106 - 10*c. Calculate r(4).
-8
Let d(q) = q - 11. Let w be (-8)/28 + 594/(-77) + 0. Give d(w).
-19
Let q(g) be the first derivative of g**3/3 - 9*g**2/2 - 14*g - 1423. What is q(13)?
38
Let f(i) = -8*i**2 + 6 - 49*i + 30*i - 37*i**3 + 28*i + 36*i**3. Give f(-9).
6
Let r(u) = -u**3 - 4*u**2 - 8*u - 10. Suppose c - 2*v - 18 = 6*c, -4*v = 24*c + 64. Give r(c).
-2
Let o(m) = -32*m - 231916 - 10*m + m**2 - 9*m + 232289. Calculate o(42).
-5
Let w(m) be the first derivative of 5*m + 5/2*m**2 + 58. What is w(-6)?
-25
Let f(a) be the first derivative of -7*a**2/2 - 80*a + 550. What is f(-11)?
-3
Let k(b) = b**3 + 25*b**2 + 22*b - 46. Let q be k(-24). Let r(j) = 5*j - 14*j + j + q*j. Let p(l) = -l**3 - 4*l**2 + 6*l + 4. Let z be p(-5). Determine r(z).
6
Let j(c) = -16*c - 450. Let q be j(-30). Let o(t) = -3*t + 59. Give o(q).
-31
Let q(s) be the third derivative of -s**6/120 - s**5/15 + s**4/24 - 5*s**3/6 - 27*s**2 - 68. Give q(-3).
-17
Let q(i) = i**2 + 8*i + 3. Let g = -179 + 171. Calculate q(g).
3
Suppose 98 = 16*f - 46. Suppose -f*j = 144 - 180. Let w(y) = -y. Let s(u) = 6*u - 6. Let g(p) = -s(p) - 2*w(p). What is g(j)?
-10
Let m be (91/39)/(42/108). Let w(a) = -a**2 - 2*a + 50. Determine w(m).
2
Let v(d) = 5*d + 5. Suppose 0 = -6*n + 8*n - 3*s + 853, -3*s + 1278 = -3*n. Let x = -430 - n. What is v(x)?
-20
Let u(b) = -b**3 - 3*b + 4*b + 6*b**2 - 2*b**2 + 3. Let p = -704 - -1601. Suppose -p = -19*a - 821. Determine u(a).
7
Let x(z) = -4*z**2 + 58*z + 42. Let i(w) = -w**2 - 31*w - 115. Let y be i(-5). What is x(y)?
12
Let d = -3989 + 3993. Let x(s) be the second derivative of 2*s**2 + 1/12*s**4 - d*s - 7/6*s**3 + 0. Determine x(6).
-2
Let k = -140 - -143. Let i(g) = -5*g**2 - 31*g**k + 102*g**3 - 37*g**3 - 35*g**3. Calculate i(-3).
-18
Let d(i) = 1 + 6*i + 6*i - 11*i. Let p = -35 - -26. Let t = p + 5. Calculate d(t).
-3
Suppose 13*m = 12*m - 1. Let f(s) be the third derivative of 17*s**6/120 + s**5/60 + s**4/12 + s**3/6 - 31*s**2. What is f(m)?
-17
Let y(a) = -a**2 + a + 3. Let j(c) = -50 - 18*c**2 + 6*c + 22*c**2 + 9*c - c**3. Let x be j(5). Give y(x).
3
Let h(r) = 7*r + 49. Suppose -9 = 6*q + 39. Let b be h(q). Let g(c) = c**2 + 9*c + 11. Determine g(b).
-3
Let u = -9638 - -9628. Let a(r) = r**3 + 11*r**2 + 11*r. Give a(u).
-10
Let w(j) = j**3 + 6*j**2 + j + 5. Let f = 3154 + -3159. Give w(f).
25
Let n(x) be the first derivative of x**4/4 - 2*x**3 - 11*x**2/2 + 22*x - 44. Let a be n(7). Let r(z) = -z + 1. Calculate r(a).
7
Let n(p) be the second derivative of -1 - 1/12*p**4 + 67*p - 2*p**2 + 1/6*p**3. Calculate n(3).
-10
Let v(y) be the first derivative of -6*y**2 - 5*y + 3295. Determine v(2).
-29
Suppose 198*n - 187*n - 22 = 0. Let h(v) = 9*v**3 - 2*v**2 + 3*v - 2. Give h(n).
68
Let f(v) = v**2 - 7*v + 5. Let z(x) = x + 1. Let s be z(11). Suppose -45 = 7*p - s*p. Suppose -p = -3*a - 0*a, -5*t + 4*a + 8 = 0. Give f(t).
-7
Let d(o) = o**2 - 4*o - 4. Let t = -19 + 21. Suppose n + 5*j = -20 - 20, -t*n - 64 = 2*j. Let u be ((n/(-9))/(-5))/(3/(-18)). Determine d(u).
-4
Let r(n) = -2*n**2 - 26*n + 291. Let v be r(7). Let f(u) = 3*u + 11. Let i(c) = 4*c + 10. Let y(w) = 5*f(w) - 4*i(w). What is y(v)?
4
Suppose -80*l - l - 185*l - 266 = 0. Let i(k) = 49*k**3 + 2*k**2 + k. What is i(l)?
-48
Suppose -10 = 2*o, -12*w - 29 = -8*w + 5*o. Let x(r) = 8*r - 8. Let y(i) = i - 1. Let n(z) = w*x(z) + 4*y(z). Determine n(-2).
12
Let l(a) be the first derivative of -a**4/24 - a**2 - 4*a + 21. Let d(c) be the second derivative of l(c). What is d(-7)?
7
Let u(o) = o**3 - o**2 - 25*o - 3. Let q(b) = -73*b + 152. Let f be q(2). Give u(f).
27
Let x(h) = -3*h**3 + 2*h**2 - 3*h - 4. Let i be x(-1). Let q(k) = 2*k + 2*k + 469*k**2 - 470*k**2. Give q(i).
0
Let r be ((-1 - -1)/(-2) - 40) + 2. Suppose 10 = -q - 31. Let y = q - r. Let t(c) = c**2 + 4*c + 4. Give t(y).
1
Let i(t) be the third derivative of -t**4/24 + 7*t**3/3 - 2*t**2 - 8